2. Calculate w(13).
-2
Let b(n) = -3*n - 6235*n**2 - 1 - 4 - 6244*n**2 + 12474*n**2 - n**3. Let k = 3 - 3. Let t = -4 - k. Determine b(t).
-9
Let p be (-46)/(-207) - 29/(-3 + 9 - -3). Let i(d) = -d**3 - d**2 + d + 1. Let b(t) = -2*t**3 - 4*t**2 - t - 2. Let v(k) = -b(k) + i(k). Give v(p).
-3
Let n(l) be the first derivative of -11*l**2/2 + 3*l - 6878. Let q(k) = k**2 - 6*k - 5. Let h be q(7). Give n(h).
-19
Let w = -961 - -953. Let i(h) = -2*h - 5. Let x(d) = 10*d + 25. Let g(c) = -11*i(c) - 2*x(c). Calculate g(w).
-11
Let x(g) = g - 25. Suppose 0 = -2*u + 5*l - 41, -144*u + 147*u = -3*l - 9. Calculate x(u).
-33
Let p(w) = -11*w**2 - 95*w + 265. Let u(m) = 8*m**2 + 63*m - 175. Let r(z) = 5*p(z) + 7*u(z). Calculate r(31).
7
Let m(y) = 2*y**3 + 4*y**2 - 4. Let u be m(1). Let x(n) = -13*n + 12. Give x(u).
-14
Let s = -228 + 224. Let v(i) = -i**3 - 3*i**2 - 23. Let k be v(s). Let f(x) = -x. What is f(k)?
7
Let r be 5/(-3) - (-800)/300. Let s(n) = -n**2 - n + 1. Let i(h) = -6*h**2 - 7*h + 7. Let y(t) = -i(t) + 5*s(t). Give y(r).
1
Let u(x) = 11*x**3 - 2*x**2 + 6*x - 5. Let z be u(1). Let b be z/(-6)*((-6 - -12) + -9). Let a(k) = k**2 - 2*k + 3. Calculate a(b).
18
Let i(g) be the third derivative of 0 + 2/3*g**3 + 107*g**2 - 1/60*g**5 + 0*g - 7/24*g**4. Give i(-8).
-4
Suppose -15 = w - 6*w. Let z = w + -5. Let m(n) = 1334 + 1332 + 5*n**3 + 1370 + n**2 - 2*n**3 - n - 4037. Give m(z).
-19
Let h(v) = -4089002*v + 671 + 4089154*v + 235. Determine h(-6).
-6
Let w(c) = -1259235 - c - 1259230 + 2518480. Let f(x) = -x**2 + 8. Let d be f(0). What is w(d)?
7
Suppose 4*x - 20 = 0, -3*x + 18 = 2*t + x. Suppose -228 = -9*a + 807. Let g(l) = -l - l**2 - 118*l**3 - a*l**3 - 1 + 0*l + 227*l**3. What is g(t)?
5
Let s be (-1 + (-33)/(-27))/(((-546)/63)/(-13)). Let a(j) be the third derivative of 0 - 1/60*j**5 + 0*j - 24*j**2 + s*j**3 + 0*j**4 - 1/40*j**6. What is a(2)?
-26
Let h(k) = -k**3 + 11*k**2 - 14*k + 22. Let d(b) = 10*b - 680. Let c be d(69). Give h(c).
-18
Let s(i) be the second derivative of 3*i**4/8 + i**3/6 - 77*i**2 - 61*i. Let z(x) be the first derivative of s(x). What is z(-2)?
-17
Let a(z) = z**3 - 3*z**2 - 6*z - 2. Let y be a(5). Let m = 20 - y. Let w(v) = -9 + 10 + 5*v**2 + v**m. What is w(-1)?
7
Let k(w) = -537 - 525 + 2137 - 531 + 3*w**2 + 5*w - 533. Calculate k(-3).
23
Let v(t) = 17*t**3 - 3*t**2 - 8*t - 6. Let s = -21906 - -21905. Calculate v(s).
-18
Let q be (3/12 - (-22)/(-24))*3. Let k be (q/3)/(3/(9/2)). Let n(h) = 0 + 39*h + 7*h**2 - 41*h + h**2 - 1. What is n(k)?
9
Let y = 12 - 19. Let t(b) = -b**2 + 12*b - 32. Let x be t(5). Let z(m) = -1757*m**3 - 5 - m - 3 + 7*m**2 + 1758*m**x. Determine z(y).
-1
Let h(p) be the first derivative of 16*p**2 + 170*p + 5833. What is h(-5)?
10
Let t(w) = w - 26. Suppose -v = 3*v + 68. Let z be t(v). Let y = z + 39. Let m(h) = h**3 + 4*h**2 + h - 1. Give m(y).
-5
Let p(t) be the second derivative of t**4/12 - 2*t**3/3 - 3*t**2/2 - 7445*t. Suppose 5*b + 2*h = 38, -2*b + 5*h = -3 + 11. Suppose -z + b = 1. Give p(z).
2
Let r(d) = 3*d**2 - 2*d - 37. Let f(k) = 3*k**3 + 23*k**2 - 13*k - 44. Let h be f(-8). Calculate r(h).
19
Suppose 5*v + 21 = 3*v - 5*f, 2*f + 10 = 0. Let l(u) = -2*u**2 - 4*u**v + 4*u**2 - 4 - 4*u + u**2 + 0*u**2. Calculate l(-8).
-36
Let l(m) be the second derivative of m**4/8 - 13*m**3/6 + 73*m**2/2 + 72*m. Let j(h) be the first derivative of l(h). What is j(6)?
5
Suppose -4*g - 208 = -4*f, 133 = 5*f + g - 115. Let z(i) = -f*i + 50*i - 11*i**2 + i**2. Let n = 1 - 0. What is z(n)?
-10
Let p(q) = 16*q - 7. Let n(m) = -5*m + 7. Let c(k) = -9*n(k) - 2*p(k). What is c(4)?
3
Let l(b) = -256*b - 770. Let k be l(-3). Let y(c) = -2*c**3 - 3*c**2 + 8*c + 16. Determine y(k).
4
Let u(h) = -8*h**2 + h + 1. Let g(b) = -6*b**2 + 6*b. Let m(w) = -6*g(w) + 5*u(w). Determine m(-9).
-40
Let a(y) = -2189 + 0*y**3 + 4*y**2 - 4*y - 2187 - 13*y**2 + y**3 + 4302. What is a(10)?
-14
Let z = -348 - -352. Let f(y) = -y - 7. Give f(z).
-11
Let g(p) be the second derivative of -p**5/20 + 5*p**4/4 + 29*p**2/2 + 48*p - 5. Give g(15).
29
Let g(t) = 6*t. Suppose -52 = -9*s - 34. Suppose s*x + 32 = 28. Give g(x).
-12
Let r(l) = -l + 3. Let g be 7/(-2)*(-5)/(35/6). Suppose 3*u - 19 = -v, 0 = g*u - 5*v + 5. Determine r(u).
-2
Suppose d - 5*d = 72. Let j be d/45 + 46/(-10). Let l(y) = 2 + 2 - 5*y**2 + 3*y - y**3 + 0. Determine l(j).
-11
Let j(k) = k**2 - 6*k + 7. Let v be j(6). Let m(w) = -w**2 - 7*w + 32. Let c be m(-10). Let o(s) = -s + 1313*s**c - 1314*s**2 + 4 + 9*s. Determine o(v).
11
Let s(g) = -g**3 - 6*g**2 + 2*g + 7. Let o(j) = 2*j**2 + 11*j - 24. Let w be o(6). Let c = -61 + w. Let a = c + -59. Give s(a).
-5
Let j(v) = -v**2 + 9*v - 2. Suppose 7*s = 2*s + 25. Suppose 3*l - 4*l - s*f = -18, 5*l + 2*f = 44. Calculate j(l).
6
Let y(p) = p**2 - 3*p - 8. Let h(m) = 2*m**3 - 59*m**2 + 26*m - 14. Let u be h(29). Let z = 105 + u. Give y(z).
-4
Let m(k) = 5*k - 1. Let v(h) = h**2 - 7*h - 6. Let z be v(8). Let x(l) = 8 + l**z + 19*l - 32*l + 21*l. Let w be x(-7). Determine m(w).
4
Suppose 2*f = -0*f - 4. Let p(v) be the third derivative of -v**6/120 + v**5/60 - v**4/12 - v**3/3 + 324*v**2 - 48*v. Calculate p(f).
14
Let y(u) = u**3 - 3*u**2 + u - 3. Let p be y(3). Let l(m) = 1 - 5 + m**3 + m**2 + p*m**3. Let x be (-1 - -1)*(-69)/(-276). Give l(x).
-4
Let h(j) = 14*j + 10. Let u = -5852 + 5848. What is h(u)?
-46
Let f = 61 + -59. Let p be ((-5)/(-10))/(f/(-12)). Let q be (3 + -2 + p)/1. Let j(k) = -3*k**2 - 4*k - 2. Give j(q).
-6
Let m(v) = -10 - 22 + 3*v + 11 - 2*v. Let i be m(13). Let z(p) = -p**3 - 8*p**2 + p + 10. Calculate z(i).
2
Let b be ((-105)/30)/((-2)/28). Suppose -4*x - 57 = -b. Let w(z) = 5*z. Let u(f) = -3*f. Let v(r) = -5*u(r) - 2*w(r). Determine v(x).
-10
Let a(n) be the second derivative of n**3 - n**2 + 4157*n. Let q(v) = -v**2 + v + 2. Let s be q(0). Determine a(s).
10
Let g(o) = 4 + 6 - 5632932*o + 5632931*o. Determine g(-3).
13
Suppose -2*g - 4 - 4 = 0. Let c(l) = -l + 1. Let b(t) = 2*t - 6. Let w(k) = -3*b(k) - 12*c(k). Let i(m) = m. Let d(f) = -3*i(f) + w(f). What is d(g)?
-6
Let q(k) = -k**3 - 16*k**2 + 26*k - 7. Let a(x) = -3*x**3 - 48*x**2 + 73*x - 23. Let c(b) = -2*a(b) + 7*q(b). Give c(-18).
-3
Let h(j) = -57*j + 1. Let b(l) = 525*l - 10. Let t(k) = 4*b(k) + 36*h(k). Give t(3).
140
Let h(q) = -1123*q + 157 + 532*q + q**2 + 562*q. Determine h(22).
3
Let h(i) = 2*i + 12. Let x be h(-5). Suppose -32 = 4*p - 4*l, 3*l = -x*l + 20. Let j(t) = 9*t + 1 - 12*t + 6*t + 2*t**2. Determine j(p).
21
Let q(m) be the second derivative of -7*m**3/2 + 143*m**2/2 - 2155*m. Give q(7).
-4
Let a(p) = p**3 - 6 - 2*p**3 + 0 + 5. Let w(j) = -22*j**3 - j**2 - 1. Let k(d) = 2*a(d) - w(d). Calculate k(-1).
-20
Let d(w) = 58*w + 1852. Let v be d(-32). Let x(j) = 12*j**2 + 49*j + 4. What is x(v)?
0
Let g(z) = z**3 - 7*z**2 + 7*z - 6. Suppose -17 = 3*q + f + 7, 4*q + 4*f + 40 = 0. Let u(w) = -w - 1. Let k be u(q). Suppose -7 = -k*p + 29. What is g(p)?
0
Suppose -44 = -2*t - 15*z + 11*z, 4*t = z + 52. Let g(h) = -6*h - 2*h + 2*h + 5*h + t - 25. Determine g(-10).
-1
Let h(b) = -11*b + 71. Let f be h(6). Suppose 0*y + f*y + 15 = 0. Let l(u) = u**2 - u + 2. What is l(y)?
14
Let y(d) = 10 + 4*d - 9 + 16*d + 10*d**2 + 13*d. Determine y(-3).
-8
Suppose 23*a = 29*a. Let p(i) = 6*i**2 + 535*i**3 + i - 536*i**3 - i**2 - 5*i**2. Determine p(a).
0
Suppose q - 5*x - 45 = 0, -7*x = -10*q + 9*q + 59. Let s(f) = -7*f + 28. What is s(q)?
-42
Let r(i) = -20*i**2 - 510408*i**3 - 510404*i**3 + 1020813*i**3 - 22*i - 13. Calculate r(21).
-34
Let k(p) be the third derivative of p**4/24 - 11*p**3/2 + 2*p**2 + 247. Calculate k(20).
-13
Suppose -473*z + 474*z + 333 = 0. Let f = 321 + z. Let t(r) = r**3 + 13*r**2 + 11*r - 10. What is t(f)?
2
Let u(x) = -10*x. Let o = 6 + -4. Suppose 8 = -4*d - o*r, -r = 2*r + 12. Suppose 9*b - 27 = -d*b. Calculate u(b).
-30
Suppose -4 = -7*x - 32. Let v be ((-13)/(-3) + -3)/(x/6). Let a(u) = -7*u**2 + u - 2. Determine a(v).
-32
Let y(v) = -v - 5. Let u(c) = 57*c**3 - c**2 + 2*c + 2. Let h be u(-1). Let f = -4 - h. Let w = f + -58. What is y(w)?
-1
Suppose 3*w + 30 - 22 = 11*w. Let v(i) be the second derivative of 13*i**3/6 - i**2/2 + 9*i. What is v(w)?
12
Let d(u) = u + 8. Suppose r - 9*q = -11*q + 15, 38 = 4*r - 3*q. Suppo